206 = 0. Is u composite?
False
Let y(u) = u**3 + 4*u**2 - 2. Suppose 0 = -0*v + 5*v - 25. Is y(v) prime?
True
Let m(u) = 5*u**2 + u - 1. Is m(2) a prime number?
False
Let r be 4*3/6 + 146. Let b = r - 5. Is b composite?
True
Suppose -z - 20 = -3*z. Let x = 3 - 6. Let d = z - x. Is d prime?
True
Suppose 0*x = 3*x + 6. Is (5 + -7)*23/x a prime number?
True
Let d(y) = 1541*y**3 + 2*y**2 - y + 1. Is d(1) a composite number?
False
Suppose 77 + 79 = 4*b. Suppose -3*p - 2*h = -48, -p + 4*h + 16 = 3*h. Let u = b - p. Is u composite?
False
Let b(q) = 35*q**2 + 4*q - 3. Is b(-4) composite?
False
Suppose q + 3*q = -5*f + 1531, 302 = f + 5*q. Is f a prime number?
True
Let n(r) = -48*r + 17. Is n(-5) a prime number?
True
Suppose p + 4*p = -3*m, 5*p = -m. Let v = 6 + p. Suppose 275 = v*d - d. Is d composite?
True
Suppose 0 = s - 734 - 1279. Is (-6)/9 + s/9 a composite number?
False
Suppose -4*c - 757 = -3*i, 0 = 4*c + 3 + 1. Is i a composite number?
False
Suppose a = 6*g - g + 280, -3*g + 1400 = 5*a. Let d = 99 + a. Is d a prime number?
True
Let f be (-2)/(-7) + 66/14. Suppose 4*x - 14 - 67 = 5*l, f*l + 5 = 0. Is x prime?
True
Suppose n - 3*m = -4*m + 5, -m - 1 = -n. Suppose -n*a = a + 416. Let v = a - -181. Is v composite?
True
Let p be (0 - 3/(-6))*0. Let o = 8 - p. Let i(k) = 2*k**2 + 8*k - 9. Is i(o) prime?
False
Is (3/6)/(279/276 - 1) a composite number?
True
Suppose 0 = -3*i + 2*i + 2. Let s be (-1)/4 - (-18)/8. Suppose -84 = -5*w - 3*k, i*w + 7 = s*k + 31. Is w prime?
False
Let m(n) = 32*n - 7. Is m(4) composite?
True
Suppose -a + 4*a = 0. Let f = 4 - a. Is f a composite number?
True
Let a(n) be the first derivative of -11*n**2 + 9*n + 1. Is a(-14) prime?
True
Let l = 27 + -24. Suppose 0 = 2*r - 8, a - 5*r - l = 92. Is a prime?
False
Let t(n) = 3*n**2 - 5*n + 8. Let a(k) = 4*k**2 - 6*k + 7. Let q(l) = 4*a(l) - 3*t(l). Is q(6) a composite number?
True
Is ((-9)/(-6))/((-2)/(-12)) a prime number?
False
Suppose -89 = f - 468. Let r = f + -234. Is r composite?
True
Suppose 0*u = -5*u - m + 39, 3*m = -4*u + 40. Suppose 3*b - u*b = -832. Suppose -4*z + 2*x + b = 0, -10 = 6*x - x. Is z composite?
True
Suppose 2*j = -2*h, -7*h + 3*h = 3*j. Let y(b) = 3*b**2 + b + 1. Let a be y(-2). Let f = h + a. Is f composite?
False
Suppose -12 = -3*i + 2*l, -2*i - l + 1 = -0*i. Suppose -i*a = -88 - 70. Is a composite?
False
Suppose 5*c = 4*k - 17, c = -3*c - 4. Suppose -306 = -3*b - k*b. Is b a composite number?
True
Let u = 5 + -10. Is (-354)/u - (-6)/30 prime?
True
Let o(l) = 16*l**2 - 3*l - 4. Let z be o(5). Is (2 - (-15)/(-9))*z composite?
False
Let h(a) = 6*a**2 - a - 4. Let n(j) = -j**3 + 11*j**2 - j + 8. Suppose 55 = 4*l + l - 2*u, -5*l = -u - 55. Let o be n(l). Is h(o) a prime number?
True
Let x = 75 + 74. Is x a composite number?
False
Suppose -y + 6*y - 6375 = 0. Let h be 100/(-15)*(-279)/6. Suppose -5*f + h = -y. Is f prime?
True
Let l(s) = -s**2 + 9*s - 8. Let p be 6 + (3 + -3)/3. Let x be l(p). Suppose x + 265 = 5*a. Is a prime?
False
Suppose 2*l = 3*l + 2*j - 33, 2*l - j - 66 = 0. Let p = 146 - l. Is p a composite number?
False
Suppose -4*v - v + 635 = 0. Is v/(-1*(-3)/3) a prime number?
True
Suppose 4*g + 0*g - 344 = 0. Is g a prime number?
False
Let s(l) = -13*l**3 + 2*l**2 + 2. Suppose 3 = 2*w + 9. Is s(w) a prime number?
False
Let l = -139 + 226. Is l a prime number?
False
Suppose -3 = 5*r - 2*h - 41, 4*r = 3*h + 29. Let c be (-20)/(-9) - r/36. Suppose 0 = q + c*q - 111. Is q composite?
False
Let j = 11 - 8. Suppose 3*f = j + 9. Suppose 2 + 70 = f*p + 4*m, p + 4*m = 15. Is p prime?
True
Let i = -23 + 234. Is i composite?
False
Let j(f) be the third derivative of f**6/120 + 7*f**5/60 - f**4/4 - 5*f**3/6 + f**2. Is j(-7) prime?
True
Let k(q) = -2*q**2 + 6*q - 1. Let b be k(4). Let p(n) = -51*n + 12. Let w be p(b). Suppose o = -2*o + w. Is o prime?
True
Let g(m) = -124*m**2 + m. Let l be g(-1). Let x = l - -240. Is x prime?
False
Suppose 3*d - 1046 = t - 5*t, -2*d + 785 = 3*t. Is t a composite number?
False
Let m be 2/(-3) + (-4)/12. Let d be 2/6 - m/(-3). Suppose d = -p - 4*p + 45. Is p composite?
True
Let n(u) = 4*u**2 + 14*u - 5. Is n(-13) composite?
True
Suppose -10*y - 353 = -2383. Is y composite?
True
Suppose -3*s + 7 = 4*t - 0, 0 = 3*s + 5*t - 5. Suppose -20 = s*g - 90. Is g composite?
True
Let r = 374 + -232. Let l = r - 75. Is l composite?
False
Suppose 0 = -4*q + 4146 + 1298. Is q a composite number?
False
Let j(q) = -2*q**2 + 9*q + 4. Let w(r) = r**2 - 3*r - 1. Let c(z) = 2*j(z) + 7*w(z). Let o be -6 - -1 - (0 - -1). Is c(o) composite?
False
Let s(y) = 2 - 4 - 7 + 3 + 3*y. Let g = -1 - -5. Is s(g) composite?
True
Let j(m) = 56*m + 1. Let n be j(3). Suppose x + 72 - n = 0. Is x composite?
False
Let w = 175 - -2. Let o = w - 34. Is o composite?
True
Let n = -245 - -373. Let q = n - 20. Suppose 4*t - q = -4*j, 3*j + 5*t - 89 = -0*j. Is j prime?
True
Suppose 2*q + 221 = 603. Is q a prime number?
True
Let l(x) = 2*x**2 - 7*x + 23*x - 6*x + 7. Is l(-8) a prime number?
False
Let d be -1 + 9 + -2 - 2. Let k be (d/(-8))/((-2)/184). Let s = k + -13. Is s a composite number?
True
Let l(q) = -q**2 - 15*q + 9. Suppose 41 - 146 = -3*a. Suppose 0 = -3*t - 4 - a. Is l(t) a composite number?
True
Let c(x) = 11*x**2 + 35*x - 25. Let y(t) = -5*t**2 - 18*t + 13. Let p(h) = -4*c(h) - 9*y(h). Is p(14) a prime number?
True
Let a = -2 + 2. Suppose a = -2*x + 13 + 157. Is x composite?
True
Is (-8)/2 - (-23)/1 a prime number?
True
Suppose 4*y + 9 = y. Let i(s) = 8*s**2 - s + 2. Is i(y) a composite number?
True
Let b be (16/10)/((-2)/(-5)). Suppose i + 4*j = -0*j + 66, 3*i - b*j = 118. Suppose o = -o + i. Is o a prime number?
True
Suppose 7*o = 5123 + 4376. Is o prime?
False
Suppose 121 = -3*r + 412. Is r composite?
False
Let g(r) = -r**2 - 11*r + 1. Let n(k) = -3*k**2 - 32*k + 3. Let t(w) = 8*g(w) - 3*n(w). Is t(8) composite?
False
Let w(i) = 3 - 6 + 3 - 43*i + 5. Is w(-4) a prime number?
False
Let q(d) = -2*d - 4. Let a be q(-3). Suppose -a*w = -0*w - 30. Let m = 25 - w. Is m prime?
False
Suppose 4*m - 1676 = 856. Is m composite?
True
Let l be (-1)/(-2) + 7/2. Suppose j - 1 = 2. Suppose 0 = -3*p + l*y + 185, j*y + 122 = -p + 3*p. Is p a composite number?
False
Let z = 49 + -3. Is z a prime number?
False
Is 2 + (4 + 351)*11 composite?
False
Let a be (-1 + 3)*15/(-10). Is a/4 + 103/4 prime?
False
Let j(y) = 17*y - 1. Let h be j(8). Let g = h - 82. Is g a composite number?
False
Let v(s) = 222*s + 1. Let k(j) = -2*j**2 + 12*j + 9. Let r(t) = -t**2 + t. Let l(q) = k(q) - 3*r(q). Let i be l(-8). Is v(i) composite?
False
Let i(f) = 3*f**2 - 3*f + 11. Let c(p) = p**2 - p + 4. Let b(y) = -8*c(y) + 3*i(y). Let x be b(0). Is 6*(x + (-63)/(-6)) prime?
False
Suppose -3*m + 3*l + 867 - 87 = 0, 5*l = 2*m - 508. Suppose 72 - m = 4*t. Is t/(-4) + 1/1 composite?
False
Suppose 3*j + 12 = 0, -582 = 5*w - j + 4*j. Let q be ((-100)/6)/((-4)/w). Is (-1)/(-4) - q/4 composite?
True
Let b = -1868 + 4201. Is b composite?
False
Let f(x) = -4*x**2 + 2*x**2 - 1 - 10*x + 3. Let h be f(-7). Let u = h + 72. Is u a prime number?
False
Suppose 0 = -4*t + 373 + 1795. Suppose -50 + t = 4*w. Is w prime?
False
Suppose 5*b - 6265 = -0*b. Is b prime?
False
Let v(k) = -9 + 4 + 3*k**3 + 11*k**2 + 3*k - 4*k**3. Is v(8) a composite number?
False
Suppose -7*w - 4 = -8*w. Suppose -5*y + 30 = -w*s, -5*y + 35 = -3*y + 3*s. Is y a prime number?
False
Let n(c) = c**2 - 8*c + 3. Let r be n(8). Suppose r*q = 2*w - 4, 2*w - 6 = 3*q - q. Suppose 2*l + 5*i + w = 0, -30 - 15 = -2*l + 5*i. Is l a prime number?
False
Is 50413/11*(0 + 1) a prime number?
True
Let l be 2 - 0 - -1 - -1. Suppose -4*i + 92 = 4*c, -69 = 2*c - 5*c + 3*i. Suppose -5*f + c = -l*f. Is f a composite number?
False
Suppose c = 4*r + 2061, c - 3*r + 10397 = 6*c. Is c composite?
True
Suppose u + 228 = 3*s, -4 = -4*u + 8. Is s a composite number?
True
Let x be 0 + -6 + -4 + 3. Is 2/x - 219/(-7) a composite number?
False
Let l be 84/15*70/4. Let v = l - 47. Is v prime?
False
Suppose -692 - 203 = -5*f. Is f prime?
True
Let f = -1 - -158. Is f a composite number?
False
Suppose 47 - 7 = 5*i. Is 530/6 + i/12 a composite number?
False
Let g be (-6)/(-36) - 1606/(-12). Let d = -69 + g. Is d prime?
False
Suppose 4*t - 2 = -2*v - 26, -2*v - 3 = -3*t. Let a = v - -9.